{"id":15,"date":"2015-11-02T09:06:38","date_gmt":"2015-11-02T09:06:38","guid":{"rendered":"http:\/\/carmenboehringer.de\/ferienwohnungub\/?page_id=15"},"modified":"2025-01-03T11:17:55","modified_gmt":"2025-01-03T11:17:55","slug":"ferienwohnung-3","status":"publish","type":"page","link":"http:\/\/carmenboehringer.de\/ferienwohnungub\/ferienwohnung\/ferienwohnung-3\/","title":{"rendered":"Ferienwohnung 3"},"content":{"rendered":"<p><strong>Helle, gro\u00dfe Souterrainwohnung f\u00fcr 2-3 Personen (50 qm) mit gem\u00fctlicher Wohnk\u00fcche, Wohn-Schlafzimmer (Kabel-TV), W-lan und Tageslicht-Bad.<\/strong><\/p>\n<p><strong>Wohn-\/Schlafzimmer <\/strong>(2 Ikea-Schlafsofas, 1 Bett, 2 Schreibtische, Fernseher, Kommode, Kleiderschrank)<\/p>\n\n\n<figure class=\"wp-block-gallery has-nested-images columns-default is-cropped\">\n<figure class=\"wp-block-image size-large\"><a href=\"http:\/\/carmenboehringer.de\/ferienwohnungub\/wp-content\/uploads\/2020\/11\/IMG_5562-1.jpg\"><img loading=\"lazy\" width=\"6000\" height=\"4000\" data-id=\"239\"  src=\"http:\/\/carmenboehringer.de\/ferienwohnungub\/wp-content\/uploads\/2020\/11\/IMG_5562-1.jpg\" alt=\"\" class=\"wp-image-239\" srcset=\"http:\/\/carmenboehringer.de\/ferienwohnungub\/wp-content\/uploads\/2020\/11\/IMG_5562-1.jpg 6000w, http:\/\/carmenboehringer.de\/ferienwohnungub\/wp-content\/uploads\/2020\/11\/IMG_5562-1-300x200.jpg 300w, http:\/\/carmenboehringer.de\/ferienwohnungub\/wp-content\/uploads\/2020\/11\/IMG_5562-1-768x512.jpg 768w, http:\/\/carmenboehringer.de\/ferienwohnungub\/wp-content\/uploads\/2020\/11\/IMG_5562-1-1024x683.jpg 1024w\" sizes=\"(max-width: 6000px) 100vw, 6000px\" \/><\/a><figcaption>Schlafsofa<\/figcaption><\/figure>\n\n\n\n<figure class=\"wp-block-image size-large\"><a href=\"http:\/\/carmenboehringer.de\/ferienwohnungub\/wp-content\/uploads\/2020\/11\/IMG_5566.jpg\"><img loading=\"lazy\" width=\"6000\" height=\"4000\" data-id=\"238\"  src=\"http:\/\/carmenboehringer.de\/ferienwohnungub\/wp-content\/uploads\/2020\/11\/IMG_5566.jpg\" alt=\"\" class=\"wp-image-238\" srcset=\"http:\/\/carmenboehringer.de\/ferienwohnungub\/wp-content\/uploads\/2020\/11\/IMG_5566.jpg 6000w, http:\/\/carmenboehringer.de\/ferienwohnungub\/wp-content\/uploads\/2020\/11\/IMG_5566-300x200.jpg 300w, http:\/\/carmenboehringer.de\/ferienwohnungub\/wp-content\/uploads\/2020\/11\/IMG_5566-768x512.jpg 768w, http:\/\/carmenboehringer.de\/ferienwohnungub\/wp-content\/uploads\/2020\/11\/IMG_5566-1024x683.jpg 1024w\" sizes=\"(max-width: 6000px) 100vw, 6000px\" \/><\/a><figcaption>Bett<\/figcaption><\/figure>\n\n\n\n<figure class=\"wp-block-image size-large\"><a href=\"http:\/\/carmenboehringer.de\/ferienwohnungub\/wp-content\/uploads\/2025\/01\/3_Wohnschlafzimmer3-rotated.jpg\"><img loading=\"lazy\" width=\"768\" height=\"1024\" data-id=\"334\"  src=\"http:\/\/carmenboehringer.de\/ferienwohnungub\/wp-content\/uploads\/2025\/01\/3_Wohnschlafzimmer3-768x1024.jpg\" alt=\"\" class=\"wp-image-334\" srcset=\"http:\/\/carmenboehringer.de\/ferienwohnungub\/wp-content\/uploads\/2025\/01\/3_Wohnschlafzimmer3-768x1024.jpg 768w, http:\/\/carmenboehringer.de\/ferienwohnungub\/wp-content\/uploads\/2025\/01\/3_Wohnschlafzimmer3-225x300.jpg 225w, http:\/\/carmenboehringer.de\/ferienwohnungub\/wp-content\/uploads\/2025\/01\/3_Wohnschlafzimmer3-1152x1536.jpg 1152w, http:\/\/carmenboehringer.de\/ferienwohnungub\/wp-content\/uploads\/2025\/01\/3_Wohnschlafzimmer3-rotated.jpg 1512w\" sizes=\"(max-width: 768px) 100vw, 768px\" \/><\/a><figcaption>Schlafsofa<\/figcaption><\/figure>\n<\/figure>\n\n\n\n<p><strong>Wohnk\u00fcche<\/strong> (Cerankochfeld, Sp\u00fclmaschine, gro\u00dfer K\u00fchlschrank, Mikrowelle, Senseo-Kaffeemaschine)<\/p>\n\n\n\n<figure class=\"wp-block-gallery has-nested-images columns-default is-cropped\">\n<figure class=\"wp-block-image size-large\"><a href=\"http:\/\/carmenboehringer.de\/ferienwohnungub\/wp-content\/uploads\/2025\/01\/3_Wohnkueche2-1-rotated.jpg\"><img loading=\"lazy\" width=\"768\" height=\"1024\" data-id=\"335\"  src=\"http:\/\/carmenboehringer.de\/ferienwohnungub\/wp-content\/uploads\/2025\/01\/3_Wohnkueche2-1-768x1024.jpg\" alt=\"\" class=\"wp-image-335\" srcset=\"http:\/\/carmenboehringer.de\/ferienwohnungub\/wp-content\/uploads\/2025\/01\/3_Wohnkueche2-1-768x1024.jpg 768w, http:\/\/carmenboehringer.de\/ferienwohnungub\/wp-content\/uploads\/2025\/01\/3_Wohnkueche2-1-225x300.jpg 225w, http:\/\/carmenboehringer.de\/ferienwohnungub\/wp-content\/uploads\/2025\/01\/3_Wohnkueche2-1-1152x1536.jpg 1152w, http:\/\/carmenboehringer.de\/ferienwohnungub\/wp-content\/uploads\/2025\/01\/3_Wohnkueche2-1-rotated.jpg 1512w\" sizes=\"(max-width: 768px) 100vw, 768px\" \/><\/a><figcaption>K\u00fcchenzeile<\/figcaption><\/figure>\n\n\n\n<figure class=\"wp-block-image size-large\"><a href=\"http:\/\/carmenboehringer.de\/ferienwohnungub\/wp-content\/uploads\/2020\/11\/IMG_4392-e1604759286814.jpg\"><img loading=\"lazy\" width=\"1024\" height=\"768\" data-id=\"222\"  src=\"http:\/\/carmenboehringer.de\/ferienwohnungub\/wp-content\/uploads\/2020\/11\/IMG_4392-e1604759286814.jpg\" alt=\"\" class=\"wp-image-222\"\/><\/a><figcaption>Essplatz<\/figcaption><\/figure>\n\n\n\n<figure class=\"wp-block-image size-large\"><a href=\"http:\/\/carmenboehringer.de\/ferienwohnungub\/wp-content\/uploads\/2025\/01\/3_Wohnkueche3-rotated.jpg\"><img loading=\"lazy\" width=\"768\" height=\"1024\" data-id=\"337\"  src=\"http:\/\/carmenboehringer.de\/ferienwohnungub\/wp-content\/uploads\/2025\/01\/3_Wohnkueche3-768x1024.jpg\" alt=\"\" class=\"wp-image-337\" srcset=\"http:\/\/carmenboehringer.de\/ferienwohnungub\/wp-content\/uploads\/2025\/01\/3_Wohnkueche3-768x1024.jpg 768w, http:\/\/carmenboehringer.de\/ferienwohnungub\/wp-content\/uploads\/2025\/01\/3_Wohnkueche3-225x300.jpg 225w, http:\/\/carmenboehringer.de\/ferienwohnungub\/wp-content\/uploads\/2025\/01\/3_Wohnkueche3-1152x1536.jpg 1152w, http:\/\/carmenboehringer.de\/ferienwohnungub\/wp-content\/uploads\/2025\/01\/3_Wohnkueche3-rotated.jpg 1512w\" sizes=\"(max-width: 768px) 100vw, 768px\" \/><\/a><figcaption>Wohnk\u00fcche<\/figcaption><\/figure>\n<\/figure>\n\n\n\n<div class=\"wp-block-columns\">\n<div class=\"wp-block-column\">\n<figure class=\"wp-block-image size-large\"><a href=\"http:\/\/carmenboehringer.de\/ferienwohnungub\/wp-content\/uploads\/2025\/01\/3_Essplatz-rotated.jpg\"><img loading=\"lazy\" width=\"768\" height=\"1024\" src=\"http:\/\/carmenboehringer.de\/ferienwohnungub\/wp-content\/uploads\/2025\/01\/3_Essplatz-768x1024.jpg\" alt=\"\" class=\"wp-image-338\" srcset=\"http:\/\/carmenboehringer.de\/ferienwohnungub\/wp-content\/uploads\/2025\/01\/3_Essplatz-768x1024.jpg 768w, http:\/\/carmenboehringer.de\/ferienwohnungub\/wp-content\/uploads\/2025\/01\/3_Essplatz-225x300.jpg 225w, http:\/\/carmenboehringer.de\/ferienwohnungub\/wp-content\/uploads\/2025\/01\/3_Essplatz-1152x1536.jpg 1152w, http:\/\/carmenboehringer.de\/ferienwohnungub\/wp-content\/uploads\/2025\/01\/3_Essplatz-rotated.jpg 1512w\" sizes=\"(max-width: 768px) 100vw, 768px\" \/><\/a><\/figure>\n<\/div>\n\n\n\n<div class=\"wp-block-column\"><\/div>\n\n\n\n<div class=\"wp-block-column\"><\/div>\n<\/div>\n\n\n\n<p><strong>Bad<\/strong> (WC, Waschbecken, gro\u00dfe Dusche)<\/p>\n\n\n\n<figure class=\"wp-block-gallery has-nested-images columns-default is-cropped\">\n<figure class=\"wp-block-image size-large\"><a href=\"http:\/\/carmenboehringer.de\/ferienwohnungub\/wp-content\/uploads\/2022\/05\/IMG_9367.jpg\"><img loading=\"lazy\" width=\"1704\" height=\"2272\" data-id=\"303\"  src=\"http:\/\/carmenboehringer.de\/ferienwohnungub\/wp-content\/uploads\/2022\/05\/IMG_9367.jpg\" alt=\"\" class=\"wp-image-303\" srcset=\"http:\/\/carmenboehringer.de\/ferienwohnungub\/wp-content\/uploads\/2022\/05\/IMG_9367.jpg 1704w, http:\/\/carmenboehringer.de\/ferienwohnungub\/wp-content\/uploads\/2022\/05\/IMG_9367-225x300.jpg 225w, http:\/\/carmenboehringer.de\/ferienwohnungub\/wp-content\/uploads\/2022\/05\/IMG_9367-768x1024.jpg 768w, http:\/\/carmenboehringer.de\/ferienwohnungub\/wp-content\/uploads\/2022\/05\/IMG_9367-1152x1536.jpg 1152w, http:\/\/carmenboehringer.de\/ferienwohnungub\/wp-content\/uploads\/2022\/05\/IMG_9367-1536x2048.jpg 1536w\" sizes=\"(max-width: 1704px) 100vw, 1704px\" \/><\/a><figcaption>Bad<\/figcaption><\/figure>\n\n\n\n<figure class=\"wp-block-image size-large\"><a href=\"http:\/\/carmenboehringer.de\/ferienwohnungub\/wp-content\/uploads\/2022\/05\/IMG_9399.jpg\"><img loading=\"lazy\" width=\"1704\" height=\"2272\" data-id=\"304\"  src=\"http:\/\/carmenboehringer.de\/ferienwohnungub\/wp-content\/uploads\/2022\/05\/IMG_9399.jpg\" alt=\"\" class=\"wp-image-304\" srcset=\"http:\/\/carmenboehringer.de\/ferienwohnungub\/wp-content\/uploads\/2022\/05\/IMG_9399.jpg 1704w, http:\/\/carmenboehringer.de\/ferienwohnungub\/wp-content\/uploads\/2022\/05\/IMG_9399-225x300.jpg 225w, http:\/\/carmenboehringer.de\/ferienwohnungub\/wp-content\/uploads\/2022\/05\/IMG_9399-768x1024.jpg 768w, http:\/\/carmenboehringer.de\/ferienwohnungub\/wp-content\/uploads\/2022\/05\/IMG_9399-1152x1536.jpg 1152w, http:\/\/carmenboehringer.de\/ferienwohnungub\/wp-content\/uploads\/2022\/05\/IMG_9399-1536x2048.jpg 1536w\" sizes=\"(max-width: 1704px) 100vw, 1704px\" \/><\/a><figcaption>Bad<\/figcaption><\/figure>\n\n\n\n<figure class=\"wp-block-image size-large\"><a href=\"http:\/\/carmenboehringer.de\/ferienwohnungub\/wp-content\/uploads\/2025\/01\/3_Bad2-rotated.jpg\"><img loading=\"lazy\" width=\"768\" height=\"1024\" data-id=\"332\"  src=\"http:\/\/carmenboehringer.de\/ferienwohnungub\/wp-content\/uploads\/2025\/01\/3_Bad2-768x1024.jpg\" alt=\"\" class=\"wp-image-332\" srcset=\"http:\/\/carmenboehringer.de\/ferienwohnungub\/wp-content\/uploads\/2025\/01\/3_Bad2-768x1024.jpg 768w, http:\/\/carmenboehringer.de\/ferienwohnungub\/wp-content\/uploads\/2025\/01\/3_Bad2-225x300.jpg 225w, http:\/\/carmenboehringer.de\/ferienwohnungub\/wp-content\/uploads\/2025\/01\/3_Bad2-1152x1536.jpg 1152w, http:\/\/carmenboehringer.de\/ferienwohnungub\/wp-content\/uploads\/2025\/01\/3_Bad2-rotated.jpg 1512w\" sizes=\"(max-width: 768px) 100vw, 768px\" \/><\/a><figcaption>gro\u00dfe Duschkabine<\/figcaption><\/figure>\n<\/figure>\n\n\n\n<div class=\"wp-block-columns\">\n<div class=\"wp-block-column\">\n<figure class=\"wp-block-image size-large\"><a href=\"http:\/\/carmenboehringer.de\/ferienwohnungub\/wp-content\/uploads\/2025\/01\/Raucherecke-1-rotated.jpg\"><img loading=\"lazy\" width=\"768\" height=\"1024\" src=\"http:\/\/carmenboehringer.de\/ferienwohnungub\/wp-content\/uploads\/2025\/01\/Raucherecke-1-768x1024.jpg\" alt=\"\" class=\"wp-image-333\" srcset=\"http:\/\/carmenboehringer.de\/ferienwohnungub\/wp-content\/uploads\/2025\/01\/Raucherecke-1-768x1024.jpg 768w, http:\/\/carmenboehringer.de\/ferienwohnungub\/wp-content\/uploads\/2025\/01\/Raucherecke-1-225x300.jpg 225w, http:\/\/carmenboehringer.de\/ferienwohnungub\/wp-content\/uploads\/2025\/01\/Raucherecke-1-1152x1536.jpg 1152w, http:\/\/carmenboehringer.de\/ferienwohnungub\/wp-content\/uploads\/2025\/01\/Raucherecke-1-rotated.jpg 1512w\" sizes=\"(max-width: 768px) 100vw, 768px\" \/><\/a><figcaption>Raucherecke<\/figcaption><\/figure>\n<\/div>\n\n\n\n<div class=\"wp-block-column\">\n<figure class=\"wp-block-image size-large is-resized\"><a href=\"http:\/\/carmenboehringer.de\/ferienwohnungub\/wp-content\/uploads\/2025\/01\/Ansicht3-scaled.jpg\"><img loading=\"lazy\" src=\"http:\/\/carmenboehringer.de\/ferienwohnungub\/wp-content\/uploads\/2025\/01\/Ansicht3-1024x768.jpg\" alt=\"\" class=\"wp-image-348\" width=\"207\" height=\"155\" srcset=\"http:\/\/carmenboehringer.de\/ferienwohnungub\/wp-content\/uploads\/2025\/01\/Ansicht3-1024x768.jpg 1024w, http:\/\/carmenboehringer.de\/ferienwohnungub\/wp-content\/uploads\/2025\/01\/Ansicht3-300x225.jpg 300w, http:\/\/carmenboehringer.de\/ferienwohnungub\/wp-content\/uploads\/2025\/01\/Ansicht3-768x576.jpg 768w, http:\/\/carmenboehringer.de\/ferienwohnungub\/wp-content\/uploads\/2025\/01\/Ansicht3-1536x1152.jpg 1536w, http:\/\/carmenboehringer.de\/ferienwohnungub\/wp-content\/uploads\/2025\/01\/Ansicht3-2048x1536.jpg 2048w\" sizes=\"(max-width: 207px) 100vw, 207px\" \/><\/a><figcaption>Talstra\u00dfe 7<\/figcaption><\/figure>\n<\/div>\n\n\n\n<div class=\"wp-block-column\"><\/div>\n<\/div>\n\n\n\n<p><\/p>\n","protected":false},"excerpt":{"rendered":"<p>Helle, gro\u00dfe Souterrainwohnung f\u00fcr 2-3 Personen (50 qm) mit gem\u00fctlicher Wohnk\u00fcche, Wohn-Schlafzimmer (Kabel-TV), W-lan und Tageslicht-Bad. Wohn-\/Schlafzimmer (2 Ikea-Schlafsofas, 1 Bett, 2 Schreibtische, Fernseher, Kommode, Kleiderschrank) Wohnk\u00fcche (Cerankochfeld, Sp\u00fclmaschine, gro\u00dfer K\u00fchlschrank, Mikrowelle, Senseo-Kaffeemaschine) Bad (WC, Waschbecken, gro\u00dfe Dusche)<\/p>\n","protected":false},"author":1,"featured_media":0,"parent":6,"menu_order":0,"comment_status":"closed","ping_status":"closed","template":"","meta":[],"_links":{"self":[{"href":"http:\/\/carmenboehringer.de\/ferienwohnungub\/wp-json\/wp\/v2\/pages\/15"}],"collection":[{"href":"http:\/\/carmenboehringer.de\/ferienwohnungub\/wp-json\/wp\/v2\/pages"}],"about":[{"href":"http:\/\/carmenboehringer.de\/ferienwohnungub\/wp-json\/wp\/v2\/types\/page"}],"author":[{"embeddable":true,"href":"http:\/\/carmenboehringer.de\/ferienwohnungub\/wp-json\/wp\/v2\/users\/1"}],"replies":[{"embeddable":true,"href":"http:\/\/carmenboehringer.de\/ferienwohnungub\/wp-json\/wp\/v2\/comments?post=15"}],"version-history":[{"count":10,"href":"http:\/\/carmenboehringer.de\/ferienwohnungub\/wp-json\/wp\/v2\/pages\/15\/revisions"}],"predecessor-version":[{"id":351,"href":"http:\/\/carmenboehringer.de\/ferienwohnungub\/wp-json\/wp\/v2\/pages\/15\/revisions\/351"}],"up":[{"embeddable":true,"href":"http:\/\/carmenboehringer.de\/ferienwohnungub\/wp-json\/wp\/v2\/pages\/6"}],"wp:attachment":[{"href":"http:\/\/carmenboehringer.de\/ferienwohnungub\/wp-json\/wp\/v2\/media?parent=15"}],"curies":[{"name":"wp","href":"https:\/\/api.w.org\/{rel}","templated":true}]}}